{"id":1769,"date":"2022-07-13T15:59:06","date_gmt":"2022-07-13T15:59:06","guid":{"rendered":"https:\/\/itcroctheme.com\/wp\/demos\/themes\/benqu\/?page_id=3"},"modified":"2025-03-19T00:47:53","modified_gmt":"2025-03-18T23:47:53","slug":"privacy-policy","status":"publish","type":"page","link":"https:\/\/salivoire.com\/index.php\/privacy-policy\/","title":{"rendered":"Mentions l\u00e9gales"},"content":{"rendered":"\t\t<div data-elementor-type=\"wp-page\" data-elementor-id=\"1769\" class=\"elementor elementor-1769\">\n\t\t\t\t<div class=\"elementor-element elementor-element-34a573ff e-flex e-con-boxed e-con e-parent\" data-id=\"34a573ff\" data-element_type=\"container\">\n\t\t\t\t\t<div class=\"e-con-inner\">\n\t\t\t\t<div class=\"elementor-element elementor-element-53aceace elementor-widget elementor-widget-text-editor\" data-id=\"53aceace\" data-element_type=\"widget\" data-widget_type=\"text-editor.default\">\n\t\t\t\t<div class=\"elementor-widget-container\">\n\t\t\t\t\t\t\t\t\t\n<h2 class=\"p1 wp-block-heading\"><b>Qui sommes-nous ?<\/b><\/h2>\n<p class=\"p3\">L\u2019adresse de notre site web est : <a href=\"https:\/\/salivoire.com\/\">https:\/\/salivoire.com<\/a>.<\/p>\n<h2 class=\"p4\"><b>Commentaires<\/b><\/h2>\n<p class=\"p3\">Lorsque les visiteurs laissent des commentaires sur le site, nous collectons les donn\u00e9es renseign\u00e9es dans le formulaire de commentaire, ainsi que l\u2019adresse IP et l\u2019agent utilisateur du navigateur pour aider \u00e0 la d\u00e9tection des spams.<\/p>\n<p class=\"p3\">Une cha\u00eene anonymis\u00e9e cr\u00e9\u00e9e \u00e0 partir de votre adresse e-mail (appel\u00e9e hash) peut \u00eatre envoy\u00e9e au service Gravatar pour v\u00e9rifier si vous l\u2019utilisez. La politique de confidentialit\u00e9 de Gravatar est disponible ici : <a href=\"https:\/\/automattic.com\/privacy\/\">https:\/\/automattic.com\/privacy\/<\/a>. Apr\u00e8s validation de votre commentaire, votre photo de profil sera visible publiquement \u00e0 c\u00f4t\u00e9 de votre commentaire.<\/p>\n<h2 class=\"p4\"><b>M\u00e9dias<\/b><\/h2>\n<p class=\"p3\">Si vous t\u00e9l\u00e9chargez des images sur le site, nous vous conseillons d\u2019\u00e9viter d\u2019y inclure des donn\u00e9es de localisation int\u00e9gr\u00e9es (EXIF GPS). Les visiteurs du site peuvent t\u00e9l\u00e9charger et extraire ces donn\u00e9es \u00e0 partir des images pr\u00e9sentes sur le site.<\/p>\n<h2 class=\"p4\"><b>Cookies<\/b><\/h2>\n<p class=\"p3\">Si vous laissez un commentaire sur notre site, vous pouvez choisir d\u2019enregistrer votre nom, votre adresse e-mail et votre site web dans des cookies. Ces cookies sont destin\u00e9s \u00e0 votre confort afin de ne pas avoir \u00e0 saisir \u00e0 nouveau ces informations lors d\u2019un prochain commentaire. Ces cookies expirent au bout d\u2019un an.<\/p>\n<p class=\"p3\">Si vous visitez notre page de connexion, un cookie temporaire sera cr\u00e9\u00e9 pour v\u00e9rifier si votre navigateur accepte les cookies. Ce cookie ne contient aucune donn\u00e9e personnelle et sera supprim\u00e9 d\u00e8s la fermeture de votre navigateur.<\/p>\n<p class=\"p3\">Lorsque vous vous connectez, nous mettons en place plusieurs cookies pour enregistrer vos informations de connexion et vos pr\u00e9f\u00e9rences d\u2019affichage. Les cookies de connexion durent deux jours, tandis que ceux des pr\u00e9f\u00e9rences d\u2019\u00e9cran durent un an. Si vous cochez \u201cSe souvenir de moi\u201d, votre connexion sera maintenue pendant deux semaines. Si vous vous d\u00e9connectez, ces cookies seront supprim\u00e9s.<\/p>\n<p class=\"p3\">Si vous modifiez ou publiez un article, un cookie suppl\u00e9mentaire sera enregistr\u00e9 dans votre navigateur. Ce cookie ne contient aucune donn\u00e9e personnelle et indique simplement l\u2019ID de l\u2019article que vous venez de modifier. Il expire apr\u00e8s un jour.<\/p>\n<h2 class=\"p4\"><b>Contenu int\u00e9gr\u00e9 provenant d\u2019autres sites<\/b><\/h2>\n<p class=\"p3\">Les articles de ce site peuvent inclure du contenu int\u00e9gr\u00e9 (vid\u00e9os, images, articles, etc.). Ce contenu int\u00e9gr\u00e9 fonctionne exactement comme si le visiteur se rendait directement sur le site source.<\/p>\n<p class=\"p3\">Ces sites web peuvent collecter des donn\u00e9es sur vous, utiliser des cookies, int\u00e9grer des outils de suivi tiers et suivre vos interactions avec ce contenu, y compris si vous poss\u00e9dez un compte et \u00eates connect\u00e9 \u00e0 ces sites.<\/p>\n<h2 class=\"p4\"><b>Avec qui partageons-nous vos donn\u00e9es ?<\/b><\/h2>\n<p class=\"p3\">Si vous demandez une r\u00e9initialisation de votre mot de passe, votre adresse IP sera incluse dans l\u2019e-mail de r\u00e9initialisation.<\/p>\n<h2 class=\"p4\"><b>Dur\u00e9e de conservation de vos donn\u00e9es<\/b><\/h2>\n<p class=\"p3\">Si vous laissez un commentaire, celui-ci et ses m\u00e9tadonn\u00e9es sont conserv\u00e9s ind\u00e9finiment. Cela permet de reconna\u00eetre et d\u2019approuver automatiquement les commentaires suivants au lieu de les maintenir en attente de mod\u00e9ration.<\/p>\n<p class=\"p3\">Pour les utilisateurs qui s\u2019inscrivent sur notre site (le cas \u00e9ch\u00e9ant), nous stockons les informations personnelles qu\u2019ils fournissent dans leur profil. Tous les utilisateurs peuvent voir, modifier ou supprimer leurs informations personnelles \u00e0 tout moment (\u00e0 l\u2019exception de leur nom d\u2019utilisateur). Les administrateurs du site peuvent \u00e9galement consulter et modifier ces informations.<\/p>\n<h2 class=\"p4\"><b>Vos droits sur vos donn\u00e9es<\/b><\/h2>\n<p class=\"p3\">Si vous avez un compte sur ce site ou si vous avez laiss\u00e9 des commentaires, vous pouvez demander \u00e0 recevoir un fichier contenant toutes les donn\u00e9es personnelles que nous poss\u00e9dons \u00e0 votre sujet, y compris celles que vous nous avez fournies. Vous pouvez \u00e9galement demander la suppression de vos donn\u00e9es personnelles. Cela n\u2019inclut pas les donn\u00e9es que nous devons conserver pour des raisons administratives, l\u00e9gales ou de s\u00e9curit\u00e9.<\/p>\n<h2 class=\"p4\"><b>O\u00f9 vos donn\u00e9es sont-elles envoy\u00e9es ?<\/b><\/h2>\n<p class=\"p3\">Les commentaires des visiteurs peuvent \u00eatre v\u00e9rifi\u00e9s via un service automatis\u00e9 de d\u00e9tection de spams.<\/p>\n\t\t\t\t\t\t\t\t<\/div>\n\t\t\t\t<\/div>\n\t\t\t\t\t<\/div>\n\t\t\t\t<\/div>\n\t\t\t\t<\/div>\n\t\t","protected":false},"excerpt":{"rendered":"<p>Qui sommes-nous ? L\u2019adresse de notre site web est : https:\/\/salivoire.com. Commentaires Lorsque les visiteurs laissent des commentaires sur le site, nous collectons les donn\u00e9es renseign\u00e9es dans le formulaire de commentaire, ainsi que l\u2019adresse IP et l\u2019agent utilisateur du navigateur pour aider \u00e0 la d\u00e9tection des spams. Une cha\u00eene anonymis\u00e9e cr\u00e9\u00e9e \u00e0 partir de votre [&hellip;]<\/p>\n","protected":false},"author":1,"featured_media":0,"parent":0,"menu_order":0,"comment_status":"closed","ping_status":"open","template":"","meta":{"om_disable_all_campaigns":false,"_monsterinsights_skip_tracking":false,"_monsterinsights_sitenote_active":false,"_monsterinsights_sitenote_note":"","_monsterinsights_sitenote_category":0,"_uf_show_specific_survey":0,"_uf_disable_surveys":false,"footnotes":""},"class_list":["post-1769","page","type-page","status-publish","hentry"],"aioseo_notices":[],"_links":{"self":[{"href":"https:\/\/salivoire.com\/index.php\/wp-json\/wp\/v2\/pages\/1769","targetHints":{"allow":["GET"]}}],"collection":[{"href":"https:\/\/salivoire.com\/index.php\/wp-json\/wp\/v2\/pages"}],"about":[{"href":"https:\/\/salivoire.com\/index.php\/wp-json\/wp\/v2\/types\/page"}],"author":[{"embeddable":true,"href":"https:\/\/salivoire.com\/index.php\/wp-json\/wp\/v2\/users\/1"}],"replies":[{"embeddable":true,"href":"https:\/\/salivoire.com\/index.php\/wp-json\/wp\/v2\/comments?post=1769"}],"version-history":[{"count":8,"href":"https:\/\/salivoire.com\/index.php\/wp-json\/wp\/v2\/pages\/1769\/revisions"}],"predecessor-version":[{"id":2325,"href":"https:\/\/salivoire.com\/index.php\/wp-json\/wp\/v2\/pages\/1769\/revisions\/2325"}],"wp:attachment":[{"href":"https:\/\/salivoire.com\/index.php\/wp-json\/wp\/v2\/media?parent=1769"}],"curies":[{"name":"wp","href":"https:\/\/api.w.org\/{rel}","templated":true}]}}